{"id":933,"date":"2024-05-06T18:50:27","date_gmt":"2024-05-06T18:50:27","guid":{"rendered":"https:\/\/endolove.si\/?post_type=product&#038;p=933"},"modified":"2024-05-06T18:50:28","modified_gmt":"2024-05-06T18:50:28","slug":"eighteeth-ultra-x","status":"publish","type":"product","link":"https:\/\/endolove.si\/?product=eighteeth-ultra-x","title":{"rendered":"Eighteeth ULTRA-X"},"content":{"rendered":"<ul>\n<li><span class=\"OYPEnA text-decoration-none text-strikethrough-none\">Naprava za ultrasoni\u010dno aktivacijo<\/span><\/li>\n<li><span class=\"OYPEnA text-decoration-none text-strikethrough-none\">Razli\u010dni nastavki<\/span><\/li>\n<li><span class=\"OYPEnA text-decoration-none text-strikethrough-none\">Lahek in ergonomski<\/span><\/li>\n<li><span class=\"OYPEnA text-decoration-none text-strikethrough-none\">1500 mAh baterija \u2013 Trajanje do 4.5 ur neprestanega dela<\/span><\/li>\n<li><span class=\"OYPEnA text-decoration-none text-strikethrough-none\">2 na\u010dina delocanja z LED indikatorjem<\/span><\/li>\n<li><span class=\"OYPEnA text-decoration-none text-strikethrough-none\">45 kHz High Frequency<\/span><\/li>\n<\/ul>\n","protected":false},"excerpt":{"rendered":"<p><span class=\"OYPEnA text-decoration-none text-strikethrough-none\">Brez\u017ei\u010dni ultrasoni\u010dni aktivator<\/span><\/p>\n","protected":false},"featured_media":934,"comment_status":"open","ping_status":"closed","template":"","meta":[],"product_cat":[36],"product_tag":[],"class_list":{"0":"post-933","1":"product","2":"type-product","3":"status-publish","4":"has-post-thumbnail","6":"product_cat-endo-aparati","8":"first","9":"instock","10":"sale","11":"taxable","12":"shipping-taxable","13":"purchasable","14":"product-type-simple"},"jetpack_sharing_enabled":true,"_links":{"self":[{"href":"https:\/\/endolove.si\/index.php?rest_route=\/wp\/v2\/product\/933","targetHints":{"allow":["GET"]}}],"collection":[{"href":"https:\/\/endolove.si\/index.php?rest_route=\/wp\/v2\/product"}],"about":[{"href":"https:\/\/endolove.si\/index.php?rest_route=\/wp\/v2\/types\/product"}],"replies":[{"embeddable":true,"href":"https:\/\/endolove.si\/index.php?rest_route=%2Fwp%2Fv2%2Fcomments&post=933"}],"wp:featuredmedia":[{"embeddable":true,"href":"https:\/\/endolove.si\/index.php?rest_route=\/wp\/v2\/media\/934"}],"wp:attachment":[{"href":"https:\/\/endolove.si\/index.php?rest_route=%2Fwp%2Fv2%2Fmedia&parent=933"}],"wp:term":[{"taxonomy":"product_cat","embeddable":true,"href":"https:\/\/endolove.si\/index.php?rest_route=%2Fwp%2Fv2%2Fproduct_cat&post=933"},{"taxonomy":"product_tag","embeddable":true,"href":"https:\/\/endolove.si\/index.php?rest_route=%2Fwp%2Fv2%2Fproduct_tag&post=933"}],"curies":[{"name":"wp","href":"https:\/\/api.w.org\/{rel}","templated":true}]}}